 6571
List the prime factors of 9962689.
11, 29, 31231
List the prime factors of 6463698.
2, 3, 71, 15173
What are the prime factors of 24898886?
2, 12449443
What are the prime factors of 374212?
2, 93553
What are the prime factors of 1832027?
587, 3121
What are the prime factors of 556257?
3, 13, 17, 839
List the prime factors of 6466369.
7, 13, 71059
What are the prime factors of 32372?
2, 8093
List the prime factors of 170161.
263, 647
List the prime factors of 2235957.
3, 43, 17333
What are the prime factors of 4244184?
2, 3, 7, 401
List the prime factors of 309059.
309059
List the prime factors of 1646185.
5, 29, 11353
List the prime factors of 20158239.
3, 6719413
What are the prime factors of 693085?
5, 138617
What are the prime factors of 12005671?
367, 32713
List the prime factors of 486184.
2, 60773
What are the prime factors of 8062181?
8062181
List the prime factors of 15683094.
2, 3, 7, 19, 6551
What are the prime factors of 7211057?
7, 43, 23957
What are the prime factors of 13959?
3, 11, 47
What are the prime factors of 2951989?
277, 10657
List the prime factors of 2052247.
19, 108013
What are the prime factors of 2225435?
5, 445087
What are the prime factors of 7681519?
7681519
List the prime factors of 166214.
2, 41, 2027
List the prime factors of 5627452.
2, 109, 12907
What are the prime factors of 730776?
2, 3, 30449
List the prime factors of 13832.
2, 7, 13, 19
What are the prime factors of 111046?
2, 13, 4271
List the prime factors of 19759.
19759
List the prime factors of 6051444.
2, 3, 7, 61, 1181
What are the prime factors of 3124405?
5, 41, 15241
What are the prime factors of 1055553?
3, 351851
What are the prime factors of 13142916?
2, 3, 29, 12589
What are the prime factors of 22191525?
3, 5, 19, 29, 179
List the prime factors of 196955.
5, 11, 3581
What are the prime factors of 2604903?
3, 7, 163, 761
List the prime factors of 601986.
2, 3, 7, 11, 1303
List the prime factors of 1378906.
2, 19, 131, 277
List the prime factors of 4777274.
2, 2388637
What are the prime factors of 100414?
2, 50207
What are the prime factors of 239608?
2, 61, 491
What are the prime factors of 17884863?
3, 47, 42281
List the prime factors of 400.
2, 5
What are the prime factors of 8641288?
2, 103, 10487
What are the prime factors of 6634?
2, 31, 107
What are the prime factors of 2090275?
5, 11, 691
List the prime factors of 93715.
5, 18743
List the prime factors of 8481252.
2, 3, 13, 54367
List the prime factors of 15023742.
2, 3, 71, 35267
What are the prime factors of 106001?
7, 19, 797
List the prime factors of 4130820.
2, 3, 5, 53, 433
List the prime factors of 160854.
2, 3, 17, 19, 83
What are the prime factors of 22828772?
2, 31, 71, 2593
What are the prime factors of 22041685?
5, 4408337
What are the prime factors of 23497217?
83, 283099
List the prime factors of 7513601.
7513601
List the prime factors of 35947915.
5, 809, 8887
What are the prime factors of 3530542?
2, 19, 53, 1753
List the prime factors of 163175.
5, 61, 107
What are the prime factors of 19748421?
3, 7, 11, 23, 59
List the prime factors of 85145.
5, 17029
List the prime factors of 189983.
189983
What are the prime factors of 40977053?
13, 19, 23, 7213
What are the prime factors of 16133657?
29, 73, 7621
List the prime factors of 1796591.
1796591
List the prime factors of 9221100.
2, 3, 5, 7, 4391
List the prime factors of 8589240.
2, 3, 5, 11, 241
What are the prime factors of 2088291?
3, 137, 5081
What are the prime factors of 7611424?
2, 237857
What are the prime factors of 691549?
131, 5279
List the prime factors of 3016912.
2, 157, 1201
List the prime factors of 191453.
191453
List the prime factors of 38532.
2, 3, 13, 19
What are the prime factors of 41143?
41143
What are the prime factors of 15973134?
2, 3, 631, 4219
List the prime factors of 1812284.
2, 167, 2713
What are the prime factors of 5412586?
2, 2706293
What are the prime factors of 6246428?
2, 1561607
What are the prime factors of 6988154?
2, 3494077
What are the prime factors of 1470098?
2, 7, 2143
List the prime factors of 3719892.
2, 3, 11, 28181
List the prime factors of 274124.
2, 68531
List the prime factors of 1166786.
2, 29, 20117
List the prime factors of 54547.
54547
What are the prime factors of 736235?
5, 229, 643
List the prime factors of 1266820.
2, 5, 97, 653
List the prime factors of 1685662.
2, 11, 193, 397
List the prime factors of 3367407.
3, 23, 37, 1319
What are the prime factors of 28798711?
29, 509, 1951
What are the prime factors of 218988?
2, 3, 7, 11, 79
What are the prime factors of 675535?
5, 7, 19301
List the prime factors of 1727060.
2, 5, 86353
List the prime factors of 1238431.
1238431
What are the prime factors of 277226?
2, 97, 1429
List the prime factors of 1128627.
3, 41801
List the prime factors of 3721965.
3, 5, 13, 19087
What are the prime factors of 1195226?
2, 597613
List the prime factors of 267834.
2, 3, 7, 911
What are the prime factors of 7107925?
5, 11, 25847
What are the prime factors of 779108?
2, 11, 17707
List the prime factors of 12630463.
12630463
List the prime factors of 454541.
454541
What are the prime factors of 3156264?
2, 3, 59, 743
What are the prime factors of 1800722?
2, 7, 11, 1063
What are the prime factors of 2876189?
113, 25453
List the prime factors of 72943.
13, 31, 181
List the prime factors of 1467549.
3, 163061
What are the prime factors of 1205501?
11, 29, 3779
What are the prime factors of 16911925?
5, 79, 8563
What are the prime factors of 9075084?
2, 3, 19, 53, 751
What are the prime factors of 224272?
2, 107, 131
List the prime factors of 1658142.
2, 3, 92119
List the prime factors of 272323.
17, 83, 193
What are the prime factors of 2683396?
2, 670849
What are the prime factors of 374351?
374351
List the prime factors of 1209498.
2, 3, 47, 4289
What are the prime factors of 1022263?
11, 199, 467
What are the prime factors of 228863?
79, 2897
What are the prime factors of 190858?
2, 95429
List the prime factors of 18302161.
29, 37, 461
What are the prime factors of 6094528?
2, 11, 787
List the prime factors of 299842.
2, 149921
List the prime factors of 3848779.
11, 73, 4793
What are the prime factors of 48599?
23, 2113
List the prime factors of 1483865.
5, 296773
List the prime factors of 3283962.
2, 3, 11, 49757
List the prime factors of 375051.
3, 125017
List the prime factors of 247103.
109, 2267
List the prime factors of 107038.
2, 109, 491
What are the prime factors of 4772656?
2, 7, 43, 991
What are the prime factors of 321510?
2, 3, 5, 7, 1531
List the prime factors of 568848.
2, 3, 7, 1693
What are the prime factors of 1503660?
2, 3, 5, 19, 1319
What are the prime factors of 17350867?
127, 136621
List the prime factors of 1037708.
2, 7, 37061
List the prime factors of 25486990.
2, 5, 23, 110813
List the prime factors of 3050866.
2, 7, 13, 16763
What are the prime factors of 179287?
179287
List the prime factors of 21740307.
3, 293, 24733
What are the prime factors of 1837508?
2, 459377
What are the prime factors of 2721447?
3, 29, 10427
List the prime factors of 1084635.
3, 5, 24103
List the prime factors of 6584215.
5, 11, 10883
What are the prime factors of 4594502?
2, 11, 97, 2153
What are the prime factors of 520852?
2, 59, 2207
List the prime factors of 1514876.
2, 11, 34429
What are the prime factors of 4604?
2, 1151
What are the prime factors of 2332449?
3, 7, 41, 43
List the prime factors of 2814151.
2814151
List the prime factors of 2809023.
3, 7, 97, 197
List the prime factors of 95522.
2, 7, 6823
What are the prime factors of 8628883?
8628883
List the prime factors of 37935672.
2, 3, 1580653
List the prime factors of 3061442.
2, 1530721
What are the prime factors of 238905?
3, 5, 5309
What are the prime factors of 1676795?
5, 17, 19727
What are the prime factors of 1145406?
2, 3, 190901
List the prime factors of 822695.
5, 37, 4447
List the prime factors of 459256.
2, 7, 59, 139
List the prime factors of 1992837.
3, 7, 11, 8627
What are the prime factors of 344688?
2, 3, 43, 167
What are the prime factors of 39573?
3, 4397
What are the prime factors of 1720572?
2, 3, 7, 20483
What are the prime factors of 128575?
5, 37, 139
What are the prime factors of 35839801?
35839801
What are the prime factors